te h(-9).
8
Let i(k) = k**3 - 10*k**2 - 13*k + 9. Give i(11).
-13
Let x(o) = o**3 - 25*o**2 + 22*o + 52. Determine x(24).
4
Let s(g) = g**3 + 13*g**2 - 29*g + 32. What is s(-15)?
17
Let c(v) = 54*v - 532. What is c(10)?
8
Let n(t) = 4*t + 21. Give n(-5).
1
Let v(b) = 2*b**3 - 48*b**2 - 3*b + 70. Determine v(24).
-2
Let m(k) = 9*k - 16. Determine m(4).
20
Let v(m) = -m**2 - 7*m - 10. Give v(-3).
2
Let a(s) = -16*s - 33. Determine a(-2).
-1
Let c(t) = -94*t**2 - t - 1. Calculate c(-1).
-94
Let g(v) = -8*v**2 - 40*v - 5. Give g(-5).
-5
Let o(l) = -8*l**2. Calculate o(1).
-8
Let v(u) = -u**3 - 6*u**2 + 11*u + 10. What is v(-7)?
-18
Let m(s) = 14*s - 17. Give m(-8).
-129
Let a(g) = 3*g - 49. Give a(14).
-7
Let r(o) = 3*o**2 + 4*o - 2. Calculate r(0).
-2
Let k(p) = -16*p + 57. Determine k(6).
-39
Let p(b) = 8*b - 372. What is p(46)?
-4
Let x(u) = -3*u**2 - 6*u - 13. Determine x(-4).
-37
Let a(v) = -2*v - 9. Calculate a(-12).
15
Let z(c) = -20*c + 73. Give z(4).
-7
Let g(p) = 9*p**2 - 28*p - 2. What is g(3)?
-5
Let w(m) = -70*m + 67. Determine w(1).
-3
Let y(u) = 2*u**2 + 17*u + 1. Give y(-12).
85
Let d(l) = 3*l**2 + 37*l + 64. What is d(-10)?
-6
Let f(x) = 14*x + 8. Give f(-6).
-76
Let x(t) = -2*t**2 - 6*t - 7. Determine x(-4).
-15
Let i(c) = 33*c + 21. Determine i(4).
153
Let t(v) = v**2 - 7*v - 7. Determine t(6).
-13
Let i(c) = -3*c**3 - 18*c**2 + 6*c + 36. Determine i(-6).
0
Let t(z) = -4*z + 76. What is t(-7)?
104
Let r(c) = -c**3 - 2*c**2 + 6*c + 2. Calculate r(-4).
10
Let x(r) = -r**2 - 9*r - 17. What is x(-7)?
-3
Let f(p) = 10*p + 24. Determine f(8).
104
Let n(m) = m**2 + 27*m + 76. What is n(-24)?
4
Let n(h) = 44*h - 269. Determine n(6).
-5
Let u(p) = -4*p + 2. What is u(1)?
-2
Let o(a) = -a**2 + 18*a - 8. Determine o(16).
24
Let a(o) = -5*o + 13. What is a(9)?
-32
Let y(c) = -c**3 - 4*c**2 + 27*c + 43. What is y(-7)?
1
Let p(u) = u**3 + 22*u**2 - 20*u + 85. Calculate p(-23).
16
Let l(c) = 18*c**3 - 3*c**2 + 2*c. Give l(1).
17
Let c(h) = h. Calculate c(-5).
-5
Let x(o) = -o**3 - 3*o**2 + 2*o + 9. Determine x(-4).
17
Let a(c) = -c**2 - 8*c + 6. Give a(-17).
-147
Let g(b) = -b**2 - 16*b - 11. Determine g(-10).
49
Let t(n) = -n**2 + 15*n - 18. Calculate t(15).
-18
Let a(r) = r**2 + 5*r - 5. Determine a(-5).
-5
Let v(d) = -d**3 - 10*d**2 - 7*d + 12. What is v(-8)?
-60
Let b(c) = 2*c**2 + 38*c + 108. What is b(-15)?
-12
Let o(s) = -2*s**3 + s + 1. What is o(-1)?
2
Let i(q) = -6*q**3 + 2*q**2 - 3*q + 2. What is i(2)?
-44
Let q(v) = v**2 + 13*v - 63. Determine q(-19).
51
Let b(x) = -x**2 + 19*x - 30. Determine b(2).
4
Let a(q) = -3*q - 9. Calculate a(-4).
3
Let l(p) = 7*p + 41. Give l(-6).
-1
Let s(w) = w**3 + 8*w**2 + 15*w + 7. What is s(-6)?
-11
Let g(z) = -z + 16. Give g(0).
16
Let p(q) = -q**3 + 5*q**2 + 8*q - 9. What is p(6)?
3
Let u(q) = q**3 - 3*q**2 - 9*q + 5. Calculate u(5).
10
Let j(h) = h**3 + 8*h**2 + 9*h - 1. Give j(-5).
29
Let n(d) = -15*d + 24. Give n(14).
-186
Let v(a) = -10*a**2 - 4. Determine v(-2).
-44
Let x(z) = -2*z + 18. What is x(9)?
0
Let w(m) = m**2 + 15*m + 2. What is w(-12)?
-34
Let d(g) = g**3 + 6*g**2 + 10*g + 17. Give d(-5).
-8
Let w(x) = -x**2 - 30*x + 59. Determine w(2).
-5
Let d(j) = j**3 + 7*j**2 - 9*j - 5. Calculate d(-8).
3
Let b(c) = c**3 - 3*c**2 - 35*c + 45. What is b(7)?
-4
Let q(v) = -v**3 - 8*v**2 - 9*v - 8. Determine q(-7).
6
Let o(c) = -5*c - 74. What is o(-15)?
1
Let y(j) = 2*j**2 - 8*j + 3. Calculate y(4).
3
Let f(u) = 3*u - 3. Give f(-4).
-15
Let i(g) = g**3 - 6*g**2 + 5*g - 8. Determine i(5).
-8
Let x(i) = i**2 + 6*i + 2. Calculate x(-5).
-3
Let d(j) = -j**3 - 4*j**2 - 4*j - 6. Determine d(-3).
-3
Let g(u) = 2*u**3 - 12*u**2 + 8*u - 43. Give g(6).
5
Let i(p) = p**2 + 10*p + 8. Give i(-9).
-1
Let r(k) = -37*k + 1188. Determine r(32).
4
Let b(p) = -4*p**2 + 25*p - 7. Determine b(6).
-1
Let r(s) = 2*s**2 - 4*s - 3. Determine r(4).
13
Let o(w) = -2*w**2 - 43*w - 183. Determine o(-6).
3
Let f(k) = -k**3 - 6*k**2 - 3*k + 6. Determine f(-5).
-4
Let o(u) = -u**3 + 18*u**2 + 13*u - 7. What is o(19)?
-121
Let i(x) = -x**3 + 10*x**2 + 6*x + 6. Give i(11).
-49
Let m(d) = -3*d. Calculate m(7).
-21
Let f(c) = -7*c + 35. What is f(4)?
7
Let p(g) = -2*g - 7. Calculate p(-7).
7
Let s(j) = j**2 - 17*j + 1. Give s(16).
-15
Let s(n) = n**2 + 17*n - 11. What is s(-16)?
-27
Let p(f) = -f**3 + 13*f**2 - 3*f + 25. Determine p(13).
-14
Let f(y) = y + 7. What is f(-7)?
0
Let r(k) = 5*k - 156. What is r(34)?
14
Let l(p) = p**3 + 49*p**2 + p + 39. Calculate l(-49).
-10
Let u(k) = k**3 - 9*k**2 - 10*k + 33. Calculate u(10).
33
Let h(p) = 2*p**2 - 4*p - 3. Determine h(-3).
27
Let k(a) = -a**3 - 12*a**2 - a - 6. Determine k(-12).
6
Let a(o) = 22*o - 139. Give a(7).
15
Let d(q) = q**2 + 3*q - 67. Calculate d(7).
3
Let f(y) = 3*y**2 + 5*y - 41. Give f(5).
59
Let l(m) = -m**2 - 3*m + 4. Determine l(-3).
4
Let m(a) = a**2 - a - 2. What is m(2)?
0
Let r(k) = -4*k**2 + 3*k - 32. What is r(0)?
-32
Let k(g) = -49*g - 738. What is k(-15)?
-3
Let h(l) = -9*l + 156. Calculate h(17).
3
Let g(z) = 7*z**2 - 2. Give g(3).
61
Let d(o) = 23*o - 431. Determine d(19).
6
Let l(o) = -o**2 - 7*o - 5. Give l(-4).
7
Let l(a) = -8*a**3 - a**2 + a - 1. What is l(1)?
-9
Let m(y) = y**3 - 3*y**2 - 6*y - 2. Determine m(5).
18
Let f(q) = q + 6. Determine f(0).
6
Let n(x) = x + 4. Determine n(-3).
1
Let x(b) = -4*b - 8. Give x(-3).
4
Let l(q) = -33*q + 202. Determine l(5).
37
Let x(c) = -c**2 + 4*c - 4. What is x(5)?
-9
Let d(l) = l**3 - l**2 - 2. Calculate d(3).
16
Let s(y) = -2*y - 21. Calculate s(0).
-21
Let h(v) = 4*v - 44. What is h(21)?
40
Let z(f) = f**3 - 11*f**2 + 6. Determine z(11).
6
Let j(v) = -v**3 + v**2 - 2*v - 107. Determine j(0).
-107
Let x(z) = -16*z**2 + 5*z - 4. Determine x(1).
-15
Let n(w) = -4*w - 31. Give n(14).
-87
Let y(c) = c**2 + c - 135. Calculate y(-12).
-3
Let a(c) = -c**3 + c**2 + 2*c + 1. Determine a(2).
1
Let t(r) = -5*r + 24. Give t(5).
-1
Let d(m) = -15*m - 83. Calculate d(-5).
-8
Let n(t) = 43*t - 101. Determine n(6).
157
Let a(f) = f**3 + 6*f**2 - 28*f - 5. Calculate a(3).
-8
Let r(g) = -g**3 - 11*g**2 - 19*g - 2. Give r(-9).
7
Let w(z) = z**3 - 2*z**2 - 4*z. Determine w(3).
-3
Let r(c) = -c**2 - 3*c + 6. Determine r(-4).
2
Let d(h) = -6*h + 50. Determine d(8).
2
Let c(t) = 26*t - 132. Determine c(5).
-2
Let h(y) = -6*y + 1. Calculate h(2).
-11
Let b(d) = -d**2 + 56*d - 537. Determine b(12).
-9
Let l(x) = -x**2 - 3*x + 13. Calculate l(0).
13
Let u(q) = -7*q + 3. What is u(3)?
-18
Let y(i) = -i**2 - 15. Give y(0).
-15
Let f(k) = -12*k - 26. Give f(-6).
46
Let l(c) = -5*c**2 + 4*c - 2. Give l(4).
-66
Let i(m) = m**2 + 12*m - 51. Calculate i(-15).
-6
Let x(z) = -z**2 - z + 4. Determine x(-4).
-8
Let j(z) = -43*z**2 - 6*z + 5. Calculate j(2).
-179
Let t(r) = -2*r**3 + 2*r**2 + r + 4. Calculate t(-2).
26
Let p(b) = -b**2 - 7*b - 18. Give p(-5).
-8
Let z(l) = 2*l**2 - 16*l + 29. What is z(3)?
-1
Let t(o) = -o**2 - 10*o - 11. What is t(-8)?
5
Let i(q) = -q**2 + 11*q - 5. Calculate i(16).
-85
Let t(a) = -2*a - 13. What is t(-5)?
-3
Let q(a) = -a - 14. Calculate q(10).
-24
Let d(u) = u**3 - 20*u**2 + 8. Determine d(20).
8
Let x(g) = -8*g**2 + 2*g + 1. What is x(2)?
-27
Let i(m) = m + 15. Calculate i(0).
15
Let u(r) = r**3 + 5*r**2 + 5*r + 3. What is u(-4)?
-1
Let h(y) = -y**3 + 13*y**2 + 13*y + 9. Determine h(14).
-5
Let i(f) = 4*f - 4. Determine i(1).
0
Let i(s) = -s**3 + 47*s**2 - 48*s + 88. What is i(46)?
-4
Let o(y) = 2*y**2 - 31*y - 12. Calculate o(16).
4
Let i(x) = -x**3 + 11*x**2 - 2*x + 16. What is i(11)?
-6
Let v(w) = -w**2 - 17*w - 46. What is v(-11)?
20
Let p(t) = t**2 + 19*t - 27. Determine p(-20).
-7
Let w(t) = -5*t + 16. Calculate w(8).
-24
Let s(j) = -j**2 + 7*j + 10. What is s(8)?
2
Let q(d) = d**3 - 13*d**2 - 5*d + 58. Determine q(13).
-7
Let m(c) = c**2 - 8*c - 7. Calculate m(8).
-7
Let i(y) = y**2 + 6*y - 7. Give i(-7).
0
Let b(h) = h**3 - h**2 - h + 3. Calculate b(0).
3
Let v(g) = -34*g - 185. What is v(-6)?
19
Let g(k) = -3*k**3 + k**2 + 4*k - 6. What is g(3)?
-66
Let n(z) = -z**3 + z**2 + 3*z. Give n(-3).
27
Let g(w) = -w**3 - 3*w**2 - 10*w - 5. What is g(-5)?
95
Let v(d) = 11*d**2 + 17*d - 19. Give v(1).
9
Let m(u) = 3*u. Calculate m(-12).
-36
Let o(j) = 19*j - 1529. Give o(81).
10
Let u(c) = -20*c - 26. Ca